7*s**2 + 134*s + 266. Let h be t(-17). Give y(h).
13
Let j(s) = s**3 - 7*s**2 + 11*s - 2. Let r be j(5). Let o(x) = -28 + 6*x + 19 - r*x + 12 + x**2. Suppose 20 = -5*m - 5*d, -2 - 4 = -m + 4*d. Give o(m).
1
Let b be (-28)/18*(-534)/(-1424) - -1*1. Let u(q) be the second derivative of 1/20*q**5 - b*q**4 + 1/6*q**3 + 3/2*q**2 + 0 - 9*q. What is u(3)?
-12
Let y(c) = 0*c + 4*c + 25 - 3*c. Let d be 1510/151 - (-27 + 29 + (1 - -7)). Calculate y(d).
25
Let l(b) = 6*b**2 - 3*b + 27. Let m(a) = 5*a + 5*a - 5*a - 31 - 3*a + 2*a - 7*a**2. Let g(w) = -6*l(w) - 5*m(w). What is g(3)?
-22
Let g(d) be the first derivative of d**4/12 + 5*d**3/2 + 11*d**2/2 - 100*d - 117. Let b(l) be the first derivative of g(l). Give b(-14).
-3
Suppose -254*m = -256*m + 6. Let j(y) = y - 4. What is j(m)?
-1
Let g(t) = -3*t**2 - t. Let j(q) = -14*q**2 - 43*q - 90. Let r(o) = 4*g(o) - j(o). Give r(-17).
5
Let f(m) = -m**3 + 23*m**2 + 25*m - 15. Let i be f(24). Let x(d) = -5*d + 4 - 17*d - 3 - i*d. Determine x(1).
-30
Let j = -1998 - -2018. Let h(a) = a**2 - 20*a + 27. Calculate h(j).
27
Suppose 10*v - 4*f = 7*v + 3, 6 = 2*f. Suppose 2*n = 61 - v. Let i = -26 + n. Let h(w) = w**2 - 4*w + 2. What is h(i)?
-2
Let y(d) = -d**2 + 12*d - 52. Let t(b) = b**2 - 17*b + 79. Let p be t(9). Give y(p).
-17
Let j(d) = -d**3 - 4*d**2 + 4*d - 4. Let u(r) = -r + 5. Let y be u(3). Let m(q) = -q**3 + 2*q**2 - 38272 + 19135 + 19138 - 3*q. Let b be m(y). What is j(b)?
1
Let j(b) = -10*b + 4. Let o(f) = 8*f - 5. Let c(i) = 5*j(i) + 6*o(i). Let w = 9 + -9. Let v = w - 7. Calculate c(v).
4
Let k(l) = -3*l**2 - 5*l - 3. Let w(a) = 4*a + a + 0*a + 11*a**2 - 18 - 4*a. Let z(h) = -5*h**2 + 9. Let d(c) = 4*w(c) + 9*z(c). Let o be d(6). What is k(o)?
-15
Let x(g) = -2*g**2 - 903 + g - g**2 + 906 - 4*g**2 + 2*g. Let c(n) = -8*n**2 + 5*n + 5. Let d(j) = -2*c(j) + 3*x(j). Give d(-3).
-43
Let y = 16 + -26. Let f = y + 5. Let v(z) be the first derivative of z**3/3 + 4*z**2 + 7*z + 3909. Determine v(f).
-8
Let c(b) = -2*b + 8. Let z be c(-3). Suppose 3 = i, 6*i = 4*g + 8*i + z. Let w(f) be the first derivative of -f**4/4 - 4*f**3/3 + f**2 - f - 7. Determine w(g).
14
Suppose -m - 8 = -3*m. Suppose 4*b = m*t - 36, 5*b = -5*t + 4*b + 51. Suppose -5*x - t = -0. Let s(q) = q**2 - q. Determine s(x).
6
Let b(g) = g**3 + 14*g**2 + 14*g + 16. Let a(n) = -4*n + 23. Let i be a(5). Suppose 10 = -i*p - 29. What is b(p)?
3
Let z(j) = -4*j**2 + 6772*j**3 + j + 11*j**2 - 6773*j**3 + 4 - 3*j - j. Suppose -5*r = 3 + 2. Let c be r/(0 + (-3)/21). What is z(c)?
-17
Let v(k) = k**2 - 22*k + 45. Let u be v(20). Suppose -u = 75*q - 76*q. Let z be 28/7 + (2 - q). Let p(g) = g**2 - g. Determine p(z).
0
Let d(c) be the third derivative of -c**6/120 + c**4/24 + 5*c**3/2 + 12*c**2 - 77*c. What is d(0)?
15
Suppose 282*j - 13216 - 38 = 0. Let p(s) be the second derivative of 0 - 5/12*s**4 + s**2 + s**3 + j*s - 1/20*s**5. Give p(-6).
2
Let z(f) = f**3 + 5*f**2 - 2*f - 20. Suppose -6 = -s + 5*o, -7*s + 3*s + 4*o - 8 = 0. Give z(s).
4
Let h(y) = -13*y**2 - y + 1. Let l(i) = -i**2 - 58*i + 249. Let k be l(-62). Give h(k).
-13
Suppose 0 = -b - 5*r - 23, 0*r - 2*r = 4*b + 20. Let x(h) = 823 + h + 0*h - 2*h**2 - 820 + 3*h**2. Calculate x(b).
9
Let f(n) = 33*n - 93. Suppose x - 40 = t - 44, 4 = -4*x. Determine f(t).
6
Let b(k) = -k**2 - 12*k + 10. Let x(n) = 2*n**2 + 23*n - 80. Let c be x(-14). Calculate b(c).
30
Suppose 6*d + 12 - 30 = 0. Suppose -4*k = k - 25. Let n(l) = -k - 2*l + d*l + 3. Determine n(3).
1
Let n(a) = a**2 - 8*a - 79. Let x be n(14). Suppose 3*s - x*s + 14 = -v, -3*v + 2*s = 22. Let m(h) = -h**2 + 4*h - 1. Determine m(v).
-33
Let g(j) = -617*j + 3092. Let l be g(5). Let x(z) = -z**3 + 9*z**2 - 11*z - 36. Determine x(l).
-15
Let x(t) = t**2 - t + 17. Let m(u) be the second derivative of -5*u**3/6 - u**2 - 25*u. Let q be m(-2). Suppose q*s - 2*s = 2*s. Give x(s).
17
Let a = 1808 + -1172. Let c = a + -629. Let q(h) = -2*h**3 + 13*h**2 + 7*h + 3. Determine q(c).
3
Suppose 10 = 3*z - 2*i - 0*i, -2*z + 5*i + 3 = 0. Let t(d) = 0*d + 5*d - z*d - 4 + 0. Suppose 1 = a, -2*p - 3*a - 5 = -2*a. Calculate t(p).
-7
Let j(d) = 4*d - 13. Suppose 8*a - 7 = 9*a + o, 5*a + o = -43. Give j(a).
-49
Suppose -397 = -10*z - 117. Suppose o - z = -3*j - 4*o, -2*o = -j + 2. Let u(c) = -4*c + 4. Give u(j).
-20
Suppose 3*p - 17 - 7 = 0. Let r(a) = 45 - 51 + 0*a - 13*a. Let x(o) = -37*o - 16. Let m(n) = -17*r(n) + 6*x(n). Determine m(p).
-2
Let k(l) = -19*l**3 + 5*l - 16. Let w(m) = -23*m**3 + 6*m - 18. Let g(c) = 6*k(c) - 5*w(c). Calculate g(0).
-6
Let w(g) = g**2 - 2*g + 1. Let c(a) = 8*a + 29. Suppose 3*o = o + 4*f - 26, 4*f = -2*o + 14. Let u be c(o). What is w(u)?
16
Let z(m) = m**3 - 15*m**2 + 14*m + 13. Suppose w - 219 - 185 = 2*a, 0 = -3*w - 3*a + 1176. Let g = -382 + w. Determine z(g).
13
Let k(x) be the first derivative of -x**3/3 + 11*x**2/2 - 21*x + 861. Determine k(0).
-21
Let h(p) = 3*p - 17. Suppose 11*m + 15 = 14*m. Let q be h(m). Let j be q/((-1)/(15/6)). Let t(y) = y**2 - 4*y - 1. Calculate t(j).
4
Let w(m) = m. Let l be w(6). Let x(k) = k + l*k**2 - 1799 + 1799. Let s be (-4)/((-32)/20) - 12/8. Determine x(s).
7
Let v(r) = r - 2. Let z(m) be the second derivative of m**4/12 + 5*m**3/3 + 7*m**2 - 38*m. Let a be z(-13). Let c = 58 - a. Determine v(c).
3
Let i be -2 + (-3)/(-2) + 810/12. Suppose -12*t + 77 = -i. Suppose 0 = 3*r - 6 - t. Let w(d) = -d**3 + 7*d**2 - 8*d + 9. Give w(r).
-3
Let h(y) = 29 + 3*y - y - 19*y + y**2 + 6*y. Calculate h(7).
1
Let y(s) = -156091*s + 156095*s + 0 + 22. Determine y(-6).
-2
Let k(t) = t**2. Let i be k(-2). Let m(v) be the first derivative of 1/2*v**2 + 16 - 6*v. Calculate m(i).
-2
Suppose -g + 3 = -1. Let c(q) = -3*q**3 - 71*q**2 + 22*q - 46. Let d be c(-24). Let u(v) = v - 6 + 65*v**2 - v + 4*v - 66*v**d. Determine u(g).
-6
Let x = -629/138 + 349/69. Let p(f) be the first derivative of 4 - x*f**2 - 4*f. Calculate p(0).
-4
Let i(w) be the second derivative of -2*w**3 - 7*w**2 + 163*w. Calculate i(-8).
82
Let p(y) be the second derivative of y**5/120 + 17*y**4/24 - 241*y**3/6 - 30*y + 6. Let v(g) be the second derivative of p(g). Determine v(-5).
12
Let p(m) be the first derivative of -3*m**4/2 + m**3/3 + 1921. Determine p(2).
-44
Let l(b) = b**3 - 126*b**2 + 1565*b + 340. Let s be l(112). Let v(d) = -1 - 2*d + 3 - 1 + 0. What is v(s)?
-7
Suppose -745*x = -749*x + 2828. Let k = 709 - x. Let q(a) = -a - 4. Determine q(k).
-6
Let l be (-5 - -4)/(77/(-14) - -5). Suppose -5*o + 2*r - 27 - l = 0, 3*o + 21 = 3*r. Let h(q) = 3*q + 9. Give h(o).
-6
Let z(m) = m**3 + 5*m**2 - 4*m - 13. Let r = -1254 + 1248. What is z(r)?
-25
Let w = -5 + 10. Let n = -204 + 207. Let r(y) = 3*y - 5*y**2 - 6*y**3 + 7*y**n - 40 + 41. Give r(w).
16
Let u(d) = 3*d**2 - 29*d - 4. Let h be ((-35)/4)/(147/(-168)). Calculate u(h).
6
Let q = -6 - -27. Let t = -256 + 343. Suppose 90*k = t*k + q. Let c(o) = o**2 - 8*o - 2. What is c(k)?
-9
Suppose -33 = -n + 4*c, n + 5*c = 6*n - 90. Let v(q) = -2*q - q**3 + 16*q**2 - 3 - 7*q**2 - n*q**2. Suppose -31*m + 20 = -36*m. What is v(m)?
5
Suppose -4*m = 5*p + 5, -p = -5*m - 2*p + 20. Let q(h) = -3*h - 15 - h**3 - 12 + 27 + 6*h**2. Calculate q(m).
10
Let b = 131 - 612. Let c = b + 477. Let l(u) = u - 3. Determine l(c).
-7
Let x = 3577 + -3577. Suppose -5*q = -4*t + 11, 4*t + 13 = 5*q + 6*t. Let f be (x - 0) + -4 - q. Let o(s) = -s**3 - 5*s**2 - 4*s - 6. Give o(f).
14
Let i(w) = -2*w + 4257 - 8532 - 5*w**2 + 4278. Determine i(-3).
-36
Let w be ((-8)/(-20))/(4/1280). Let g(v) = -4*v + w - 52 - 79 + 3*v. Calculate g(6).
-9
Suppose 11*b + 2*s - 613 = 6*b, 4*b = -5*s + 487. Let v = b - 129. Let x(h) be the first derivative of -h**4/4 - 2*h**3 - h**2/2 - 5. Determine x(v).
6
Let v be (-2)/(-4) + 18/4. Suppose 1 = -w - v. Let z(p) = 41*p**2 + 25*p - 1. Let c(d) = -19*d**2 - 12*d + 1. Let u(m) = -13*c(m) - 6*z(m). What is u(w)?
-7
Let j(g) = -9*g**3 - 3*g**2 + 10*g + 9. Let m(b) = -2*b**3 + b**2 + b + 1. Let l(q) = j(q) - 5*m(q). Let u(c) = 4*c - 17. Let s be u(6). Determine l(s).
-10
Let y(f) = -3*f - 6128 + 3049 + 3018. Calculate y(-20).
-1
Suppose -4*f + 13 = 5*z, z - 202*f = -197*f - 38. Let l(d) = -2*d**2 - 4*d - 3. Calculate l(z).
-9
Suppose -15162*n = -15156*n - 10 + 4. Let b(c) = -12*c**2 + 4*c. Calculate